{"id":60,"date":"2025-12-29T19:23:42","date_gmt":"2025-12-29T18:23:42","guid":{"rendered":"https:\/\/elsat.net\/?page_id=60"},"modified":"2025-12-29T19:25:44","modified_gmt":"2025-12-29T18:25:44","slug":"plan-podzialu-spolki-multimedia-polska-spolka-z-ograniczona-odpowiedzialnoscia-z-siedziba-w-gdyni-poprzez-wydzielenie-dzialalnosci-infrastrukturalnej-sieci-dostepowej-ope2","status":"publish","type":"page","link":"https:\/\/elsat.net\/?page_id=60","title":{"rendered":"Plan Podzia\u0142u"},"content":{"rendered":"\n<p><strong>PLAN PODZIA\u0141U sp\u00f3\u0142ki MULTIMEDIA POLSKA sp\u00f3\u0142ka z ograniczon\u0105 odpowiedzialno\u015bci\u0105 z siedzib\u0105 w Gdyni poprzez wydzielenie Dzia\u0142alno\u015bci Infrastrukturalnej Sieci Dost\u0119powej OPE2<\/strong><\/p>\n\n\n\n<p>(podzia\u0142 przez wydzielenie w rozumieniu art. 529 \u00a7 1 pkt 4 KSH) z dnia 23 grudnia 2025 r.<\/p>\n\n\n\n<p><a href=\"https:\/\/elsat.net\/wp-content\/uploads\/2025\/12\/Rimac-MMP-Demerger-Plan-2025-12-23-sig-sig-sig.pdf\">Rimac-MMP-Demerger-Plan-2025-12-23-sig-sig-sig<\/a><a href=\"https:\/\/elsat.net\/wp-content\/uploads\/2025\/12\/Rimac-MMP-Demerger-Plan-2025-12-23-sig-sig-sig.pdf\">Download<\/a><\/p>\n\n\n\n<p><a href=\"https:\/\/elsat.net\/wp-content\/uploads\/2025\/12\/1_Zalacznik-do-Planu-Podzialu-MMP-projekt-uchwaly-MMP-2025-12-22fin-sig-sig-sig.pdf\">1_Zalacznik-do-Planu-Podzialu-MMP-projekt-uchwaly-MMP-2025-12-22fin-sig-sig-sig<\/a><a href=\"https:\/\/elsat.net\/wp-content\/uploads\/2025\/12\/1_Zalacznik-do-Planu-Podzialu-MMP-projekt-uchwaly-MMP-2025-12-22fin-sig-sig-sig.pdf\">Download<\/a><\/p>\n\n\n\n<p><a href=\"https:\/\/elsat.net\/wp-content\/uploads\/2025\/12\/2_Zalacznik-do-Planu-Podzialu-MMP-projekt-uchwaly-Elsat-2025-12-22fin-sig-sig-sig.pdf\">2_Zalacznik-do-Planu-Podzialu-MMP-projekt-uchwaly-Elsat-2025-12-22fin-sig-sig-sig<\/a><a href=\"https:\/\/elsat.net\/wp-content\/uploads\/2025\/12\/2_Zalacznik-do-Planu-Podzialu-MMP-projekt-uchwaly-Elsat-2025-12-22fin-sig-sig-sig.pdf\">Download<\/a><\/p>\n\n\n\n<p><a href=\"https:\/\/elsat.net\/wp-content\/uploads\/2025\/12\/3_Zalacznik-do-Planu-Podzialu-MMP-Oswiadczenie_MMP-2025-12-15-XMAS-sig-sig-sig.pdf\">3_Zalacznik-do-Planu-Podzialu-MMP-Oswiadczenie_MMP-2025-12-15-XMAS-sig-sig-sig<\/a><a href=\"https:\/\/elsat.net\/wp-content\/uploads\/2025\/12\/3_Zalacznik-do-Planu-Podzialu-MMP-Oswiadczenie_MMP-2025-12-15-XMAS-sig-sig-sig.pdf\">Download<\/a><\/p>\n\n\n\n<p><a href=\"https:\/\/elsat.net\/wp-content\/uploads\/2025\/12\/4_Zalacznik-do-Planu-Podzialu-MMP-Oswiadczenie_ELSAT-2025-12-15-XMAS-sig.pdf\">4_Zalacznik-do-Planu-Podzialu-MMP-Oswiadczenie_ELSAT-2025-12-15-XMAS-sig<\/a><a href=\"https:\/\/elsat.net\/wp-content\/uploads\/2025\/12\/4_Zalacznik-do-Planu-Podzialu-MMP-Oswiadczenie_ELSAT-2025-12-15-XMAS-sig.pdf\">Download<\/a><\/p>\n\n\n\n<p><a href=\"https:\/\/elsat.net\/wp-content\/uploads\/2025\/12\/5_Zalacznik-do-Planu-Podzialu-MMP-projekt-zmian-umowy-ELSAT-2025-12-22fin-sig-sig-sig.pdf\">5_Zalacznik-do-Planu-Podzialu-MMP-projekt-zmian-umowy-ELSAT-2025-12-22fin-sig-sig-sig<\/a><a href=\"https:\/\/elsat.net\/wp-content\/uploads\/2025\/12\/5_Zalacznik-do-Planu-Podzialu-MMP-projekt-zmian-umowy-ELSAT-2025-12-22fin-sig-sig-sig.pdf\">Download<\/a><\/p>\n","protected":false},"excerpt":{"rendered":"<p>PLAN PODZIA\u0141U sp\u00f3\u0142ki MULTIMEDIA POLSKA sp\u00f3\u0142ka z ograniczon\u0105 odpowiedzialno\u015bci\u0105 z siedzib\u0105 w Gdyni poprzez wydzielenie Dzia\u0142alno\u015bci Infrastrukturalnej Sieci Dost\u0119powej OPE2 (podzia\u0142 przez wydzielenie w rozumieniu art. 529 \u00a7 1 pkt 4 KSH) z dnia 23 grudnia 2025 r. Rimac-MMP-Demerger-Plan-2025-12-23-sig-sig-sigDownload 1_Zalacznik-do-Planu-Podzialu-MMP-projekt-uchwaly-MMP-2025-12-22fin-sig-sig-sigDownload 2_Zalacznik-do-Planu-Podzialu-MMP-projekt-uchwaly-Elsat-2025-12-22fin-sig-sig-sigDownload 3_Zalacznik-do-Planu-Podzialu-MMP-Oswiadczenie_MMP-2025-12-15-XMAS-sig-sig-sigDownload 4_Zalacznik-do-Planu-Podzialu-MMP-Oswiadczenie_ELSAT-2025-12-15-XMAS-sigDownload 5_Zalacznik-do-Planu-Podzialu-MMP-projekt-zmian-umowy-ELSAT-2025-12-22fin-sig-sig-sigDownload<\/p>\n","protected":false},"author":1,"featured_media":0,"parent":0,"menu_order":0,"comment_status":"closed","ping_status":"closed","template":"","meta":{"footnotes":""},"_links":{"self":[{"href":"https:\/\/elsat.net\/index.php?rest_route=\/wp\/v2\/pages\/60"}],"collection":[{"href":"https:\/\/elsat.net\/index.php?rest_route=\/wp\/v2\/pages"}],"about":[{"href":"https:\/\/elsat.net\/index.php?rest_route=\/wp\/v2\/types\/page"}],"author":[{"embeddable":true,"href":"https:\/\/elsat.net\/index.php?rest_route=\/wp\/v2\/users\/1"}],"replies":[{"embeddable":true,"href":"https:\/\/elsat.net\/index.php?rest_route=%2Fwp%2Fv2%2Fcomments&post=60"}],"version-history":[{"count":3,"href":"https:\/\/elsat.net\/index.php?rest_route=\/wp\/v2\/pages\/60\/revisions"}],"predecessor-version":[{"id":63,"href":"https:\/\/elsat.net\/index.php?rest_route=\/wp\/v2\/pages\/60\/revisions\/63"}],"wp:attachment":[{"href":"https:\/\/elsat.net\/index.php?rest_route=%2Fwp%2Fv2%2Fmedia&parent=60"}],"curies":[{"name":"wp","href":"https:\/\/api.w.org\/{rel}","templated":true}]}}